= i**2 + 6*i + 2. Let f(r) = -1. Let d(m) = -2*f(m) + u(m). What is d(-4)?
-4
Let p be ((-12)/2)/3*-2. Let a(w) = w**3 - 4*w**2 - w. Determine a(p).
-4
Let u(x) = -4 + 2*x**3 - 2*x + 3 - 3*x**3 - 5*x**2. Let m(a) = a + 7. Let t be m(-4). Suppose 23 - 10 = -q - t*o, 5*q = -4*o - 32. Determine u(q).
-9
Let i(z) = -z**3 - z + 1. Let w(f) = f + 2. Let j be w(-4). Determine i(j).
11
Suppose 3*b + 3 = 6*b. Let z(q) = 5*q**3 + q. Determine z(b).
6
Let p(m) = 6*m**2 - m. Let t(a) = -a - 2. Let d(w) = -w**3 + 7*w**2 - 8*w + 9. Let n be d(6). Let y be t(n). What is p(y)?
5
Let b(i) = -i**2 + 4*i - 6. Let d be 4/6 + 32/(-12). Let t be (d/(-3))/(2/12). What is b(t)?
-6
Let t(l) be the third derivative of 19*l**5/60 - l**4/24 - 2*l**2 + 43*l. Determine t(1).
18
Let o be -6*4/(-8) + 5. Suppose -5*p - 3 = -o. Let x(r) = -7*r + 1. What is x(p)?
-6
Let c be 0 - (1 - -4*3/(-9)). Let n(w) be the first derivative of 0*w**2 - 2*w - 2 - c*w**3. Determine n(0).
-2
Let l = 4 + -2. Let o(c) be the first derivative of c**4/4 - 2*c**3/3 + 3*c**2/2 + 3. Give o(l).
6
Let g(h) = h**3 + 6*h**2 + 2*h - 5. Let f = -52 + 46. Give g(f).
-17
Let z(y) be the first derivative of y**4/24 + y**3/3 - 3*y**2/2 - 3. Let l(u) be the second derivative of z(u). Calculate l(-3).
-1
Let i = 26 - 28. Let g(z) = 2*z**3 + 2*z**2 - z + 2. Calculate g(i).
-4
Suppose 5*a + 44 + 191 = 4*j, -272 = -5*j - a. Let o(t) = 4*t - 2*t - 54 + j - 5*t. What is o(-4)?
13
Let s(y) = -y + 7. Let r = 19 - 10. Suppose 0 = -2*c + 3*c + r. Let d be c/(-1) + (-15)/5. What is s(d)?
1
Let h(i) = 8157 + 0*i - 8159 + 3*i. Let f = 0 + 2. Determine h(f).
4
Let o(u) = -u**3 - u**2 + u + 1. Let a(q) = -7*q**3 - 10*q**2 + 3*q + 9. Let i(d) = -a(d) + 6*o(d). Let h be ((-2)/4 - 1)*2. What is i(h)?
-3
Let f(y) = y**2 + 7*y - 7. Let a = 16 - 22. What is f(a)?
-13
Let m(u) be the third derivative of 0*u**3 - u**2 + 0 - 1/60*u**5 + 0*u**4 - 1/2520*u**7 + 0*u + 0*u**6. Let i(b) be the third derivative of m(b). Give i(4).
-8
Let i(d) be the second derivative of d**3/6 + d**2/2 - 3*d. Let u be (2 + 1)*4/3. What is i(u)?
5
Let y(l) = l**2 - 5*l + 5. Suppose -2*o = -3*u - 2 + 6, o = u. Let k = -8 + 8. Suppose k = -u*v + 2*v + 10. Calculate y(v).
5
Let j(r) = -r**2 - r. Suppose -3*a + 4*l = -0*l + 10, -4*l = -a - 14. Give j(a).
-6
Let n(f) be the first derivative of -f**4/4 - 4*f**3/3 - 3*f**2/2 - f + 7. Determine n(-3).
-1
Suppose 0 = 3*t + 2*t. Suppose 4*b + t = -8. Let x(u) = -6*u**2 - 2*u + 4. Let a(z) = -5*z**2 - 2*z + 3. Let j(l) = 5*a(l) - 4*x(l). Give j(b).
-1
Let k(g) be the first derivative of g**2 + g + 3. Let b be k(-2). Let m(a) = 2*a**2 + 4*a + 1. Determine m(b).
7
Let f(y) = 2*y**3 + 3*y**2 + 4*y + 2. Let l(z) = -z + 1. Suppose -k = v - 5 - 2, -2*k = -5*v + 14. Let g be l(k). What is f(g)?
-10
Let v(i) = -i**3 - 9*i**2 + 10*i + 1. Let h be v(-10). Let g(t) = 1 + 4*t**3 - t + t**2 - 4 - 3*t**3. Let m(p) = -p. Let c(q) = h*g(q) - m(q). Calculate c(0).
-3
Let n(b) = -b**2 - 3*b + 3. Suppose 4*d - 3*f = -f + 12, -d + 8 = -3*f. What is n(d)?
-7
Let p(x) = -x**3 + 8*x**2 - 7*x - 5. Let w(l) = l**3 + 7*l**2 + 5*l + 1. Let r be w(-6). What is p(r)?
-5
Let n(d) be the second derivative of d**3/6 + 3*d**2 - 3*d. Determine n(0).
6
Let n = 9 + -7. Let p(l) = -6*l - 1 - n*l + 8*l + l. Determine p(-1).
-2
Let o(v) = -12*v**2 - 1. Let l = -70 + 69. What is o(l)?
-13
Let t(k) = -4*k**2 + 7 + k**2 + 3*k - 4 + 4*k**2. Let c be t(-2). Let z(m) = 1 + 3*m - 3*m - 10*m**2. What is z(c)?
-9
Let h be (9/((-27)/(-42)))/(2 - 0). Let r(c) = 3*c**2 + 11*c - 3. Let y(k) = -7*k**2 - 23*k + 6. Let b(a) = -9*r(a) - 4*y(a). What is b(h)?
3
Let w(c) be the second derivative of c**3/6 - c**2 - 20*c. What is w(-6)?
-8
Let d(a) = -2*a**2 + 0*a**2 + 2*a**2 - 2*a**2 - a. Suppose 3*c - 9 = 2*c + 3*s, -3*c = -4*s - 17. Suppose -4*m + c*m = 1. Determine d(m).
-1
Suppose 2*b = -15 + 5, 0 = 2*k - 3*b - 19. Let i(r) = r - k*r + 9 - r + r. Determine i(6).
3
Let r(o) = 3*o - 1. Let s = -17 - -7. Let m be 5*1/s*-6. Suppose -m*y + 0*y + 3 = 0. Give r(y).
2
Let y(m) = -m - 1. Suppose 4*w + 22 = 150. Suppose -2*v = 4*l + 34, -6*v = 2*l - 2*v + w. Let q = 8 + l. What is y(q)?
-3
Let a(n) = -13*n**2 + 29*n - 9. Let o(i) = -3*i**2 + 7*i - 2. Let v(w) = -2*a(w) + 9*o(w). Suppose 5 = f - 5*r, -3*f + 0*f + 5*r = -15. Give v(f).
0
Let z(h) = -h**2 - 5*h + 1. Let s = 2 - 0. Let g(n) = -5*n**2 - 25*n + 5. Let b(a) = s*g(a) - 11*z(a). Give b(-6).
5
Let k be (-2)/20*(-7 + 1)*-5. Let c(j) = -j + 1. Determine c(k).
4
Suppose 2*l - 5*k - 125 = -3*l, l + 5 = -5*k. Let n(z) = -4 + 17*z - l*z + 0 + 1. Determine n(-4).
9
Let x(q) = 2*q**2 - q + 2. Let b(n) = n**2 + 6*n - 5. Let d be b(-7). Give x(d).
8
Let c(o) = o + 13. Suppose 0 = -9*v - 77 + 14. Determine c(v).
6
Let x(a) = -4*a**3 + 5*a**2 - 6*a - 12. Let u(w) = -11*w**3 + 16*w**2 - 18*w - 35. Let v(k) = -3*u(k) + 8*x(k). Suppose -63 = -6*t - 3*t. Calculate v(t).
2
Let y(g) be the third derivative of -1/60*g**5 + 0 + 0*g + 7*g**2 - 1/3*g**3 + 1/8*g**4. What is y(2)?
0
Let c(w) = 12*w - 1. Suppose -3*i = -i + 2. Calculate c(i).
-13
Let w = 0 - 0. Let j(x) be the third derivative of -x**5/60 + x**4/24 - x**3/3 - 8*x**2. What is j(w)?
-2
Let n(m) = -2*m**2 - 3*m + 11*m + 4 + m**2. What is n(8)?
4
Let b(a) be the second derivative of -a**5/20 + 5*a**4/12 + 5*a**3/6 - 5*a**2/2 - 10*a. Determine b(6).
-11
Let j(q) = -q - 7. Let i be (-3)/(-2)*(-20)/(-6). Suppose 0 = 4*u - i*s + 12, -u + 5*s - 3 = -0. What is j(u)?
-4
Let g(k) = k. Let f = -17 - -20. Suppose 0 = 3*p - f*s - s + 22, 0 = 3*s - 12. Calculate g(p).
-2
Let z(w) = w**3 + w**2 - w + 11. Let t = 17 - 13. Let o = 4 - t. What is z(o)?
11
Let f(n) = -5*n**3 - 12*n**2 - 4*n + 3. Let k(g) = 3*g**3 + 6*g**2 + 2*g - 1. Let s(m) = -4*f(m) - 7*k(m). What is s(6)?
7
Let h(j) = -j + 2. Suppose 1 - 1 = u. Give h(u).
2
Let l(b) = -2*b**2 + b + 5. Let u(t) = 6*t**2 - 3*t - 14. Let p(n) = 17*l(n) + 6*u(n). Suppose 0 = 15*v - 7*v - 16. What is p(v)?
7
Let k(x) = 3*x - 9*x + 12 - 7*x + 2*x. Let s(m) = 7*m - 8. Let h(o) = 5*k(o) + 8*s(o). Calculate h(0).
-4
Let f = -1 - 0. Let n(x) = 10*x + x - 1 - 7*x. Calculate n(f).
-5
Let o(m) = 6 - 32*m + 31*m + 1. Give o(0).
7
Let v(n) = -n**3 - 9*n**2 - 11*n - 14. Let w be v(-8). Let y(s) = -s + 6. Determine y(w).
-4
Let g = 6 + -9. Let o(v) = -12*v**2 + 1 + 8*v**3 + 0 + 2 - 2*v**3 - 11*v. Let j(s) = 5*s**3 - 11*s**2 - 10*s + 2. Let m(k) = 7*j(k) - 6*o(k). What is m(g)?
-10
Let n(p) = 70 + 6*p - 36 - 33. Give n(1).
7
Let g(c) be the first derivative of c**4/4 + 5*c + 3. Determine g(0).
5
Let d(c) = -4*c**2 + 2*c - 2. Let n(o) = -4*o**2 - 6*o. Let l be n(-1). Determine d(l).
-14
Let z(q) = 2*q - 10. Let t be z(7). Let p be 95/(-20) - 1/t. Let l(h) = -h**2 - 4*h - 6. Give l(p).
-11
Let n(b) = -2*b**2 - 14*b + 2. Suppose 2*d = 2*w - 6, 5*w = 2*w - 12. Let v be n(d). Let q(o) = -o**3 + 3*o**2 - o - 2. Calculate q(v).
0
Let i be (-8)/6*6/(-24). Let d(q) be the first derivative of 2*q + i*q**3 + 2 - q**2. Determine d(2).
2
Let y(b) be the third derivative of -b**6/120 + b**5/10 + b**4/12 - 7*b**3/6 - b**2. Calculate y(6).
5
Let m(l) = l + 4*l**2 + 2 - 11 + 4 - 5*l**2. Calculate m(0).
-5
Let c(n) be the second derivative of n**5/120 + n**3/2 + 5*n. Let t(o) be the second derivative of c(o). Determine t(-4).
-4
Let s(w) = -w**3 + 5*w**2 + 4*w + 7. Suppose -2*i + 7 = q - 5, 45 = 5*q + 5*i. What is s(q)?
-5
Suppose -2*n = -5*n + 15. Let p(o) = o - 1. Let j be p(n). Let x(w) = 33*w**2 - 4 - w + 5*w - 34*w**2. Give x(j).
-4
Let i(j) be the first derivative of -j**2 + 3*j + 4. Give i(-5).
13
Let n(p) = -p + 3. Let i be n(3). Suppose i*t - 3*w = 2*t + 3, 3*t = -3*w. Let h(d) be the second derivative of d**4/12 - d**3/6 - 2*d**2 + d. What is h(t)?
2
Let b(s) = s + 8. Let h(n) = -2*n - 4. Let t = -7 - -5. Let q be h(t). What is b(q)?
8
Let j be 1*8/(1 + -5). Let m(c) = c**2 + 2*c. Give m(j).
0
Let z be (4*(-1)/8)/((-1)/12). Let t(u) = u**3 - 6*u**2 + u - 3. Give t(z).
3
Let n(a) = 2*a**3 + a**2. Let y be n(-1). Let p(d) = d - 11*d**2 + d**2 + 0*d. Calculate p(y).
-11
Let z(f) be the second derivative of -f**3/6 - 2*f**2 + 2*f. Suppose -3*h - h = 16. Let c be 1 + h/1 - 1. Give z(c).
0
Let r(f) = -f + 5 + 1 + 1. Let g = -17 + 19. Suppose -g*x = 3*x - 20. Give r(x).
3
Let k